{"id":44507,"date":"2021-08-09T14:30:30","date_gmt":"2021-08-09T14:30:30","guid":{"rendered":"https:\/\/www.ufm.edu\/proyecto50\/?page_id=44507"},"modified":"2022-01-18T14:53:30","modified_gmt":"2022-01-18T14:53:30","slug":"50-personajes-bk","status":"publish","type":"page","link":"https:\/\/www.ufm.edu\/proyecto50\/50-personajes-bk\/","title":{"rendered":"50 PERSONAJES QUE INSPIRAN"},"content":{"rendered":"\n<h2>\n\t<\/h2>\n\t<p>A lo largo de la historia han existido pensadores, emprendedores, economistas, polit\u00f3logos, escritores; personas que han puesto sus ideas en palabras y nos han invitado a seguir un rumbo en defensa de la libertad individual. Hemos escogido 50 personajes. Con\u00f3celos y conoce sus ideas. Espera m\u00e1s cada semana.<\/p>\n<h4>\n\t\tVernon Smith\n\t<\/h4>\n<h2>\n\t\tInterview with Vernon L. Smith\n\t<\/h2>\n\t<p>Vernon Smith, economista y profesor. Es considerado el padre de la Econom\u00eda Experimental, por sentar las bases y el marco conceptual de esta rama de la ciencia econ\u00f3mica. En el 2002 recibi\u00f3 el Premio Nobel en Econom\u00eda. A la fecha es autor o coautor de m\u00e1s de 250 art\u00edculos y libros sobre teor\u00eda del capital, finanzas, econom\u00eda de recursos naturales y econom\u00eda experimental. En el 2004 la UFM le otorg\u00f3 un doctorado <em>honoris causa<\/em> en Ciencias Sociales y en el 2008 la misma UFM cre\u00f3 el Centro Vernon Smith de Econom\u00eda Experimental.<\/p>\n<p>En este video Vernon L. Smith fue entrevistado por Jos\u00e9 Ra\u00fal Gonz\u00e1lez y Fritz Thomas, para hablar sobre econom\u00eda experimental.<\/p>\n <iframe loading=\"lazy\" src=\"https:\/\/newmedia.ufm.edu\/embed?pe=eyJlbWJlZElEIjoxNjQwOX0=\" frameborder=\"0\" width=\"600\" height=\"420\" allowfullscreen=\"\"><\/iframe>\n<h4>\n\t\tJeff Sandefer\n\t<\/h4>\n<h2>\n\t\tInterview with Jeff Sandefer during APEE Annual Conference 2009\n\t<\/h2>\n\t<p>Jeff Sandefer inici\u00f3 su primer negocio a los diecis\u00e9is a\u00f1os. Despu\u00e9s de obtener un MBA, fund\u00f3 Sandefer Offshore, una compa\u00f1\u00eda de petr\u00f3leo y gas que gener\u00f3 m\u00e1s de $500 millones en ganancias en menos de cinco a\u00f1os. Luego dirigi\u00f3 Sandefer Capital Partners, una empresa de energ\u00eda multimillonaria. Durante los \u00faltimos a\u00f1os, ha trabajado con emprendedores-maestros para construir un programa de emprendimiento aclamado a nivel nacional, ganando numerosos honores de ense\u00f1anza en el proceso.<\/p>\n<p>En este video, Jeff describe lo que significa ser un buen maestro y explica la importancia de hacer preguntas e inspirar a los estudiantes. Al final, comenta la relaci\u00f3n existente entre el emprendimiento y la docencia.<\/p>\n <iframe loading=\"lazy\" src=\"https:\/\/newmedia.ufm.edu\/embed?pe=eyJlbWJlZElEIjoxOTMyN30=\" frameborder=\"0\" width=\"600\" height=\"420\" allowfullscreen=\"\"><\/iframe>\n<h4>\n\t\tFr\u00e9d\u00e9ric Bastiat\n\t<\/h4>\n<h2>\n\t\t\u00c9tica, derecho y econom\u00eda en Fr\u00e9d\u00e9ric Bastiat\n\t<\/h2>\n\t<p>Fr\u00e9d\u00e9ric Bastiat, economista y escritor, desarroll\u00f3 el concepto econ\u00f3mico del costo de oportunidad e introdujo la par\u00e1bola de la ventana rota. Sus puntos de vista favorecieron un mercado libre. Es m\u00e1s conocido por su libro <em>The Law<\/em>, donde argument\u00f3 que la ley debe proteger derechos como la propiedad privada. En este video, Gustavo Hasperu\u00e9 comparte conceptos de Fr\u00e9d\u00e9ric Bastiat, que se caracteriz\u00f3 por difundir las ideas de la sociedad libre en un lenguaje claro y sencillo, y debatir sobre las ideas socialistas.<\/p>\n <iframe loading=\"lazy\" src=\"https:\/\/newmedia.ufm.edu\/embed?pe=eyJlbWJlZElEIjoyMTM4Mn0=\" frameborder=\"0\" width=\"600\" height=\"420\" allowfullscreen=\"\"><\/iframe>\n<h4>\n\t\tMatt Ridley\n\t<\/h4>\n<h2>\n\t\tWhy I Am a Rational Optimist About the World\n\t<\/h2>\n\t<p>Matt Ridley, periodista, empresario y autor de libros cient\u00edficos como <em>The Evolution of Everything: How New Ideas Emerge<\/em> y <em>The Rational Optimist: How Prosperity Evolves<\/em>. Tiene una famosa charla TED titulada \u00abWhen Ideas Have Sex\u00bb, que ha sido vista m\u00e1s de 2.5 millones de veces. Ridley tiene un doctorado <em>honoris causa<\/em> de la UFM. En este video describe las razones que tiene para creer que el mundo ha mejorado, a pesar de las creencias fatalistas comunes de que nuestra sociedad est\u00e1 peor que nunca.<\/p>\n <iframe loading=\"lazy\" src=\"https:\/\/newmedia.ufm.edu\/embed?pe=eyJlbWJlZElEIjoyNjk5M30=\" frameborder=\"0\" width=\"600\" height=\"420\" allowfullscreen=\"\"><\/iframe>\n<h4>\n\t\tRigoberto Ju\u00e1rez-Paz\n\t<\/h4>\n<h2>\n\t\tInicios del estudio filos\u00f3fico en Guatemala\n\t<\/h2>\n\t<p>Rigoberto Ju\u00e1rez-Paz, fil\u00f3sofo, escritor, vicerrector em\u00e9rito de la Universidad Francisco Marroqu\u00edn y uno de sus fundadores principales. Escribi\u00f3 el <em>Ideario<\/em> y la letra del himno de la UFM.<\/p>\n <iframe loading=\"lazy\" src=\"https:\/\/newmedia.ufm.edu\/embed?pe=eyJlbWJlZElEIjoxODkyOH0=\" frameborder=\"0\" width=\"600\" height=\"420\" allowfullscreen=\"\"><\/iframe>\n<h4>\n\t\tGeorge Gilder\n\t<\/h4>\n<h2>\n\t\tWealth, Power, and Knowledge\n\t<\/h2>\n\t<p>George Gilder, inversionista, escritor y economista; cofundador de Discovery Institute, editor en jefe de <em>Gilder Technology Report<\/em>, presidente de Gilder Publishing LLC, y miembro de Center on Wealth, Poverty, and Morality. Es pionero de la formulaci\u00f3n de la econom\u00eda de la oferta. Doctor <em>honoris causa <\/em>en Ciencias Sociales por la UFM (2014).<\/p>\n <iframe loading=\"lazy\" src=\"https:\/\/newmedia.ufm.edu\/embed?pe=eyJlbWJlZElEIjoyMTExMn0=\" frameborder=\"0\" width=\"600\" height=\"420\" allowfullscreen=\"\"><\/iframe>\n<h4>\n\t\tHenry Hazlitt \n\t<\/h4>\n<h2>\n\t\tVida y obra de Henry Hazlitt\n\t<\/h2>\n\t<p>Henry Hazlitt, fil\u00f3sofo y educador, columnista en <em>Wall Street Journal, New York Times, Newsweek<\/em> y<em> American Mercury<\/em> entre otros medios. Autor de <em>La econom\u00eda en una lecci\u00f3n<\/em> y de <a href=\"https:\/\/bookstore.ufm.edu\/los-fundamentos-de-la-moral\/\"><em>Los fundamentos de la moral<\/em><\/a>, entre otros. Fue vicepresidente de la Foundation for Economic Education. Doctor <em>honoris causa<\/em> en Ciencias Sociales por la UFM (1976).<\/p>\n<p>Gabriel Gasave presenta la vida de Henry Halzlitt, un autor que en su opini\u00f3n se caracteriz\u00f3 por ser persona sencilla, quien difundi\u00f3 a trav\u00e9s de un pensamiento econ\u00f3mico sano las ideas de libertad, mercado libre y sociedades abiertas.<\/p>\n <iframe loading=\"lazy\" src=\"https:\/\/newmedia.ufm.edu\/embed?pe=eyJlbWJlZElEIjoyMDgwOH0=\" frameborder=\"0\" width=\"600\" height=\"420\" allowfullscreen=\"\"><\/iframe>\n<h4>\n\t\tJos\u00e9 Cecilio del Valle\n\t<\/h4>\n<h2>\n\t\tJos\u00e9 Cecilio del Valle: pensador liberal latinoamericano\n\t<\/h2>\n\t<p>Jose Cecilio del Valle,&nbsp;fil\u00f3sofo, pol\u00edtico, abogado y periodista hondure\u00f1o. Redact\u00f3 el Acta de Independencia de Centroam\u00e9rica. Su esp\u00edritu investigador lo llev\u00f3 a explorar la ense\u00f1anza, el pensamiento y la ciencia. Escribi\u00f3 sobre matem\u00e1ticas, filosof\u00eda, geograf\u00eda, historia, bot\u00e1nica, mineralog\u00eda y derecho.&nbsp;La sala de colecciones especiales de la Biblioteca Ludwig von Mises, en la Universidad Francisco Marroqu\u00edn, lleva su nombre.<\/p>\n<p>\u00c1ngel Soto informa sobre una colecci\u00f3n de libros donde se estar\u00e1n publicando las ideas liberales m\u00e1s relevantes de Am\u00e9rica Latina del siglo XIX y comienzos del siglo XX.<\/p>\n <iframe loading=\"lazy\" src=\"https:\/\/newmedia.ufm.edu\/embed?pe=eyJlbWJlZElEIjoxODM1Nn0=\" frameborder=\"0\" width=\"600\" height=\"420\" allowfullscreen=\"\"><\/iframe>\n<h4>\n\t\tGiancarlo Ib\u00e1rg\u00fcen S.\n\t<\/h4>\n<h2>\n\t\t\u00bfC\u00f3mo construir un mundo mejor?\n\t<\/h2>\n\t<p>Giancarlo Ib\u00e1rg\u00fcen, exrector de la Universidad Francisco Marroqu\u00edn. Form\u00f3 parte del consejo directivo del Centro de Estudios Econ\u00f3mico-Sociales (CEES), fue directivo de la Mont Pelerin Society, de la Philadelphia Society, del Institute of Electrical and Electronics Engineers (IEEE), y de Liberty Fund. Doctor <em>honoris causa<\/em> en Econom\u00eda por Hillsdale College.<\/p>\n\n <iframe loading=\"lazy\" src=\"https:\/\/www.youtube.com\/embed\/Y-ekYhROWE4\" frameborder=\"0\" width=\"600\" height=\"420\" allowfullscreen=\"\"><\/iframe>\n<h4>\n\t\tLeonard E. Read\n\t<\/h4>\n<h2>\n\t\tLa Escuela Austriaca desde adentro\n\t<\/h2>\n\t<p>Leonard E. Read es el fundador de la Foundation for Economic Education y autor de 29 obras, incluida la par\u00e1bola cl\u00e1sica <em>Yo, el l\u00e1piz: mi \u00e1rbol geneal\u00f3gico<\/em>. Nacido en Michigan, su vida temprana estuvo marcada por el trabajo arduo y el estudio diligente. Despu\u00e9s de servir en las fuerzas armadas, durante la Primera Guerra Mundial, comenz\u00f3 un negocio de abarrotes al por mayor y luego fue gerente de la C\u00e1mara de Comercio de Los \u00c1ngeles, California.<\/p>\n<p>Adri\u00e1n Ravier: \u00ab<a href=\"https:\/\/newmedia.ufm.edu\/video\/la-escuela-austriaca-desde-adentro-adrian-ravier\/\">La Escuela Austriaca desde adentro<\/a>\u00bb. Una compilaci\u00f3n con vivencias, historias personales, experiencias y aportes de los pensadores Ludwig von Mises, Friedrich A. Hayek, Henry Hazlitt y Leonard E. Read, entre otros.<\/p>\n <iframe loading=\"lazy\" src=\"https:\/\/newmedia.ufm.edu\/embed?pe=eyJlbWJlZElEIjoxOTg0M30=\" frameborder=\"0\" width=\"600\" height=\"420\" allowfullscreen=\"\"><\/iframe>\n<h4>\n\t\tAdam Smith\n\t<\/h4>\n<h2>\n\t\tAdam Smith in Three Lessons\n\t<\/h2>\n\t<p>Adam Smith fue economista, fil\u00f3sofo y fil\u00f3sofo moral escoc\u00e9s, clave para la Ilustraci\u00f3n escocesa. Es conocido como el padre de la econom\u00eda. Escribi\u00f3, entre otras obras, <i>La teor\u00eda de los sentimientos morales<\/i> y <i>La riqueza de las naciones<\/i>.<\/p>\n <iframe loading=\"lazy\" src=\"https:\/\/www.youtube.com\/embed\/2ivLuflQSEU\" frameborder=\"0\" width=\"600\" height=\"420\" allowfullscreen=\"\"><\/iframe>\n<h4>\n\t\tFriedrich A. Hayek\n\t<\/h4>\n<h2>\n\t\tLos fundamentos de la libertad y su vigencia\n\t<\/h2>\n\t<p>Friedrich A. Hayek fue premio nobel de econom\u00eda y doctor <i>honoris causa<\/i> de la Universidad Francisco Marroqu\u00edn. Es el m\u00e1s conocido defensor de la Econom\u00eda Austriaca de econom\u00eda. Asisti\u00f3 al seminario privado de Ludwig von Mises. Los trabajos de Hayek se centraron principalmente en la teor\u00eda austriaca de los ciclos econ\u00f3micos, la teor\u00eda del capital y la teor\u00eda monetaria. Durante su vida defendi\u00f3 el libre mercado y el orden espont\u00e1neo.<\/p>\n <iframe loading=\"lazy\" src=\"https:\/\/newmedia.ufm.edu\/embed?pe=eyJlbWJlZElEIjoxNzg1N30=\" frameborder=\"0\" width=\"600\" height=\"420\" allowfullscreen=\"\"><\/iframe>\n<h4>\n\t\tJoseph \u00abJoe\u00bb Keckeissen\n\t<\/h4>\n<h2>\n\t\tSeminario sobre La acci\u00f3n humana, de Ludwig von Mises\n\t<\/h2>\n\t<p>Joseph \u00abJoe\u00bb Keckeissen fue profesor de Filosof\u00eda Social de Mises en el Centro Henry Hazlitt de la Universidad Francisco Marroqu\u00edn. Desde los primeros a\u00f1os de fundaci\u00f3n de la UFM form\u00f3 a docenas de promociones, en las que sembr\u00f3 el amor por la libertad. Particip\u00f3 en el seminario de Ludwig von Mises. Su asesor de tesis fue Israel Kirzner y sus compa\u00f1eros y colegas Murray Rothbard, Henry Hazlitt, Hans Sennholz, Percy Greaves y Bettina Bien Greaves.<\/p>\n <iframe loading=\"lazy\" src=\"https:\/\/newmedia.ufm.edu\/embed?pe=eyJlbWJlZElEIjoxNzg5N30=\" frameborder=\"0\" width=\"600\" height=\"420\" allowfullscreen=\"\"><\/iframe>\n<h4>\n\t\tDavid Hume\n\t<\/h4>\n<h2>\n\t\tJohn Locke, David Hume y Adam Smith\n\t<\/h2>\n\t<p>David Hume, historiador, fil\u00f3sofo, ensayista y economista escoc\u00e9s. Es una de las figuras m\u00e1s importantes de la Ilustraci\u00f3n escocesa. Influy\u00f3 en el empirismo, el escepticismo y el naturalismo.<\/p>\n <iframe loading=\"lazy\" src=\"https:\/\/newmedia.ufm.edu\/embed?pe=eyJlbWJlZElEIjoxNzIyOX0=\" frameborder=\"0\" width=\"600\" height=\"420\" allowfullscreen=\"\"><\/iframe>\n<h4>\n\t\tJohn Emerich Edward Dalberg-Acton\n\t<\/h4>\n<h2>\n\t\tIs a Free Society Also a Just Society?\n\t<\/h2>\n\t<p>John Emerich Edward Dalberg-Acton, historiador, pol\u00edtico y escritor ingl\u00e9s. Quiz\u00e1s sea m\u00e1s conocido por la observaci\u00f3n: <i>El poder tiende a corromper y el poder absoluto corrompe absolutamente<\/i>.<\/p>\n <iframe loading=\"lazy\" src=\"https:\/\/newmedia.ufm.edu\/embed?pe=eyJlbWJlZElEIjoyNTU0Mn0=\" frameborder=\"0\" width=\"600\" height=\"420\" allowfullscreen=\"\"><\/iframe>\n<h4>\n\t\tAyn Rand\n\t<\/h4>\n<h2>\n\t\tRadical for capitalism\n\t<\/h2>\n\t\n <iframe loading=\"lazy\" src=\"https:\/\/newmedia.ufm.edu\/embed?pe=eyJlbWJlZElEIjoxNTQzNn0=\" frameborder=\"0\" width=\"600\" height=\"420\" allowfullscreen=\"\"><\/iframe>\n<h4>\n\t\tJoseph Schumpeter\n\t<\/h4>\n<h2>\n\t\tCausas del desarrollo de los pa\u00edses.\n\t<\/h2>\n\t<p>Joseph Schumpeter, economista austro-estadounidense. Fue ministro de Finanzas en Austria, disc\u00edpulo de Eugen B\u00f6hm von Bawerk y Friedrich von Wieser, profesor de Harvard University y uno de los economistas m\u00e1s influyentes de principios del siglo XX. Populariz\u00f3 el t\u00e9rmino \u00abdestrucci\u00f3n creativa\u00bb.&nbsp;<\/p>\n <iframe loading=\"lazy\" src=\"https:\/\/newmedia.ufm.edu\/embed?pe=eyJlbWJlZElEIjoyMjU3Mn0=\" frameborder=\"0\" width=\"600\" height=\"420\" allowfullscreen=\"\"><\/iframe>\n<h4>\n\t\tIsrael Kirzner\n\t<\/h4>\n<h2>\n\t\tAn Austrian Case against Government Regulation\n\t<\/h2>\n\t<p>Israel Kirzner, economista de la Escuela Austriaca de econom\u00eda. Actualmente es profesor em\u00e9rito de econom\u00eda en New York University y autor de numerosas publicaciones, entre las que se incluyen \u00abEntrepreneurial Discovery and the Competitive Market Process: An Austrian Approach\u00bb.<\/p>\n <iframe loading=\"lazy\" src=\"https:\/\/newmedia.ufm.edu\/embed?pe=eyJlbWJlZElEIjoxOTYwN30=\" frameborder=\"0\" width=\"600\" height=\"420\" allowfullscreen=\"\"><\/iframe>\n<h4>\n\t\tCarl Menger\n\t<\/h4>\n<h2>\n\t\tHistoria del pensamiento econ\u00f3mico: Menger, Hayek y Keynes\n\t<\/h2>\n\t<p>Carl Menger, economista austriaco y fundador de la Escuela Austriaca de econom\u00eda. Contribuy\u00f3 al desarrollo de la teor\u00eda de la utilidad marginal que rechaz\u00f3 las teor\u00edas del valor del costo de producci\u00f3n, como las que desarrollaron los economistas cl\u00e1sicos Adam Smith y David Ricardo. Su perspectiva resultante fue la teor\u00eda del valor subjetivo.<\/p>\n <iframe loading=\"lazy\" src=\"https:\/\/newmedia.ufm.edu\/embed?pe=eyJlbWJlZElEIjoxNzI0N30=\" frameborder=\"0\" width=\"600\" height=\"420\" allowfullscreen=\"\"><\/iframe>\n<h4>\n\t\tMichael Polanyi\n\t<\/h4>\n<h2>\n\t\tEpistemological causes of the Soviet Union&#8217;s collapse\n\t<\/h2>\n\t<p>Michael Polanyi, erudito h\u00fangaro-brit\u00e1nico que hizo importantes contribuciones te\u00f3ricas a la qu\u00edmica f\u00edsica, la econom\u00eda y la filosof\u00eda. Argument\u00f3 que el positivismo proporciona una explicaci\u00f3n falsa del conocimiento y que, si se toma en serio, socava los logros m\u00e1s altos de la humanidad.<\/p>\n <iframe loading=\"lazy\" title=\"Epistemological causes of the Soviet Union's collapse\" width=\"600\" height=\"338\" src=\"https:\/\/newmedia.ufm.edu\/embed?pe=eyJlbWJlZElEIjoxNjgyMH0=\" frameborder=\"0\" allow=\"accelerometer; autoplay; clipboard-write; encrypted-media; gyroscope; picture-in-picture\" allowfullscreen=\"\"><\/iframe>\n<h4>\n\t\tManuel F. Ayau\n\t<\/h4>\n<h2>\n\t\t\u00bfPor qu\u00e9 la Universidad Francisco Marroqu\u00edn?\n\t<\/h2>\n\t<p>Manuel F. Ayau, estudioso, educador y emprendedor, fund\u00f3, en 1959, el <a href=\"http:\/\/cees.org.gt\/\">Centro de Estudios Econ\u00f3mico-Sociales<\/a>, centro de pensamiento liberal cl\u00e1sico, en cuyo seno naci\u00f3 la <a href=\"https:\/\/www.ufm.edu\/\">Universidad Francisco Marroqu\u00edn<\/a>, en 1971. Hasta sus \u00faltimos d\u00edas promovi\u00f3 el proyecto de reforma del Estado conocido como <a href=\"http:\/\/www.proreforma.org.gt\/\">ProReforma<\/a>. Presidi\u00f3 organizaciones de la talla de la <a href=\"https:\/\/www.montpelerin.org\/montpelerin\/index.html\">Mont Pelerin Society<\/a> y es autor de libros como <i>Un juego que no suma cero<\/i>, <i>El proceso econ\u00f3mico<\/i>, entre otros. Durante a\u00f1os public\u00f3 una columna semanal en diarios locales, y sus art\u00edculos se han difundido en diarios y revistas como<i> Wall Street Journal <\/i>y<i> The Freeman<\/i>, entre otros.<\/p>\n <iframe loading=\"lazy\" src=\"https:\/\/newmedia.ufm.edu\/embed?pe=eyJlbWJlZElEIjoxNzc0N30=\" frameborder=\"0\" width=\"600\" height=\"420\" allowfullscreen=\"\"><\/iframe>\n<h4>\n\t\tMilton Friedman\n\t<\/h4>\n<h2>\n\t\tFriedman Centennial Conference\n\t<\/h2>\n\t<p>Milton Friedman, economista estadounidense, defensor del libre mercado. Premio nobel de econom\u00eda 1976, por sus logros en el an\u00e1lisis de consumo, historia y teor\u00eda monetaria. Conocido l\u00edder de Chicago School of Economics, por su labor de difusi\u00f3n en la prensa escrita, el ensayo y la televisi\u00f3n, con la serie <i>Free to Choose<\/i> (<a href=\"https:\/\/newmedia.ufm.edu\/coleccion\/libre-para-elegir-milton-friedman-videos\/\"><i>Libre para elegir<\/i><\/a><i>)<\/i> en 1980. Doctor <i>honoris causa<\/i> en Ciencias Sociales de la UFM (1978).<\/p>\n <iframe loading=\"lazy\" src=\"https:\/\/newmedia.ufm.edu\/embed?pe=eyJlbWJlZElEIjoxOTc5MX0=\" frameborder=\"0\" width=\"600\" height=\"420\" allowfullscreen=\"\"><\/iframe>\n<h4>\n\t\tGabriel Calzada\n\t<\/h4>\n<h2>\n\t\tEducaci\u00f3n y libertad\n\t<\/h2>\n\t<p>Gabriel Calzada, rector de la Universidad Francisco Marroqu\u00edn, ha sido directivo de la Mont Pelerin Society y de la Association for Private Enterprise Education. Promotor y socio fundador de OMMA Business School Madrid. <\/p>\n <iframe loading=\"lazy\" src=\"https:\/\/newmedia.ufm.edu\/embed?pe=eyJlbWJlZElEIjoyMTYzNH0=\" frameborder=\"0\" width=\"600\" height=\"420\" allowfullscreen=\"\"><\/iframe>\n<h4>\n\t\tLudwig von Mises\n\t<\/h4>\n<h2>\n\t\tLudwig von Mises, Seis lecciones sobre capitalismo\n\t<\/h2>\n\t<p>Ludwig von Mises, economista autriaco, historiador, fil\u00f3sofo y escritor liberal cl\u00e1sico, que tuvo una influencia significativa en la Escuela Austriaca de Econom\u00eda. Padre de la praxeolog\u00eda o ciencia de la acci\u00f3n humana. Autor de <i>La acci\u00f3n humana<\/i>, <i>Teor\u00eda e historia<\/i>, <i>Liberalismo<\/i> y <i>El socialismo<\/i>, entre otros.<\/p>\n <iframe loading=\"lazy\" src=\"https:\/\/newmedia.ufm.edu\/embed?pe=eyJlbWJlZElEIjoyMDkwMn0=\" frameborder=\"0\" width=\"600\" height=\"420\" allowfullscreen=\"\"><\/iframe>\n<h4>\n\t\tJorge Luis Borges\n\t<\/h4>\n<h2>\n\t\tMartin Krause: Presentaci\u00f3n del libro: \u00abBorges y la econom\u00eda\u00bb\n\t<\/h2>\n\t<p>Jorge Luis Borges, destacado escritor argentino de cuentos, poemas y ensayos. Figura clave de la literatura de habla hispana y de la literatura universal. Autor de <i>Ficciones<\/i> y <i>El aleph<\/i>, entre otros. <\/p>\n <iframe loading=\"lazy\" title=\"Mart\u00edn Krause: Presentaci\u00f3n del libro Borges y la econom\u00eda\" width=\"600\" height=\"338\" src=\"https:\/\/www.youtube.com\/embed\/HtOlcN0_9Dc?feature=oembed\" frameborder=\"0\" allow=\"accelerometer; autoplay; clipboard-write; encrypted-media; gyroscope; picture-in-picture\" allowfullscreen=\"\"><\/iframe>\n","protected":false},"excerpt":{"rendered":"<p>A lo largo de la historia han existido pensadores, emprendedores, economistas, polit\u00f3logos, escritores; personas que han puesto sus ideas en palabras y nos han invitado a seguir un rumbo en defensa de la libertad individual. Hemos escogido 50 personajes. Con\u00f3celos y conoce sus ideas. Espera m\u00e1s cada semana. Vernon Smith Interview with Vernon L. Smith&hellip;<\/p>\n","protected":false},"author":1,"featured_media":0,"parent":0,"menu_order":0,"comment_status":"closed","ping_status":"closed","template":"","meta":[],"yoast_head":"<!-- This site is optimized with the Yoast SEO plugin v16.9 - https:\/\/yoast.com\/wordpress\/plugins\/seo\/ -->\n<title>50 PERSONAJES QUE INSPIRAN - El proyecto 50<\/title>\n<meta name=\"robots\" content=\"index, follow, max-snippet:-1, max-image-preview:large, max-video-preview:-1\" \/>\n<link rel=\"canonical\" href=\"https:\/\/www.ufm.edu\/proyecto50\/50-personajes-bk\/\" \/>\n<meta property=\"og:locale\" content=\"es_ES\" \/>\n<meta property=\"og:type\" content=\"article\" \/>\n<meta property=\"og:title\" content=\"50 PERSONAJES QUE INSPIRAN - El proyecto 50\" \/>\n<meta property=\"og:description\" content=\"A lo largo de la historia han existido pensadores, emprendedores, economistas, polit\u00f3logos, escritores; personas que han puesto sus ideas en palabras y nos han invitado a seguir un rumbo en defensa de la libertad individual. Hemos escogido 50 personajes. Con\u00f3celos y conoce sus ideas. Espera m\u00e1s cada semana. Vernon Smith Interview with Vernon L. Smith&hellip;\" \/>\n<meta property=\"og:url\" content=\"https:\/\/www.ufm.edu\/proyecto50\/50-personajes-bk\/\" \/>\n<meta property=\"og:site_name\" content=\"El proyecto 50\" \/>\n<meta property=\"article:modified_time\" content=\"2022-01-18T14:53:30+00:00\" \/>\n<meta name=\"twitter:card\" content=\"summary_large_image\" \/>\n<meta name=\"twitter:label1\" content=\"Tiempo de lectura\" \/>\n\t<meta name=\"twitter:data1\" content=\"8 minutos\" \/>\n<script type=\"application\/ld+json\" class=\"yoast-schema-graph\">{\"@context\":\"https:\/\/schema.org\",\"@graph\":[{\"@type\":\"WebSite\",\"@id\":\"https:\/\/www.ufm.edu\/proyecto50\/#website\",\"url\":\"https:\/\/www.ufm.edu\/proyecto50\/\",\"name\":\"El proyecto 50\",\"description\":\"Universidad Francisco Marroqu\\u00edn\",\"potentialAction\":[{\"@type\":\"SearchAction\",\"target\":{\"@type\":\"EntryPoint\",\"urlTemplate\":\"https:\/\/www.ufm.edu\/proyecto50\/?s={search_term_string}\"},\"query-input\":\"required name=search_term_string\"}],\"inLanguage\":\"es\"},{\"@type\":\"WebPage\",\"@id\":\"https:\/\/www.ufm.edu\/proyecto50\/50-personajes-bk\/#webpage\",\"url\":\"https:\/\/www.ufm.edu\/proyecto50\/50-personajes-bk\/\",\"name\":\"50 PERSONAJES QUE INSPIRAN - El proyecto 50\",\"isPartOf\":{\"@id\":\"https:\/\/www.ufm.edu\/proyecto50\/#website\"},\"datePublished\":\"2021-08-09T14:30:30+00:00\",\"dateModified\":\"2022-01-18T14:53:30+00:00\",\"breadcrumb\":{\"@id\":\"https:\/\/www.ufm.edu\/proyecto50\/50-personajes-bk\/#breadcrumb\"},\"inLanguage\":\"es\",\"potentialAction\":[{\"@type\":\"ReadAction\",\"target\":[\"https:\/\/www.ufm.edu\/proyecto50\/50-personajes-bk\/\"]}]},{\"@type\":\"BreadcrumbList\",\"@id\":\"https:\/\/www.ufm.edu\/proyecto50\/50-personajes-bk\/#breadcrumb\",\"itemListElement\":[{\"@type\":\"ListItem\",\"position\":1,\"name\":\"Portada\",\"item\":\"https:\/\/www.ufm.edu\/proyecto50\/\"},{\"@type\":\"ListItem\",\"position\":2,\"name\":\"50 PERSONAJES QUE INSPIRAN\"}]}]}<\/script>\n<!-- \/ Yoast SEO plugin. -->","yoast_head_json":{"title":"50 PERSONAJES QUE INSPIRAN - El proyecto 50","robots":{"index":"index","follow":"follow","max-snippet":"max-snippet:-1","max-image-preview":"max-image-preview:large","max-video-preview":"max-video-preview:-1"},"canonical":"https:\/\/www.ufm.edu\/proyecto50\/50-personajes-bk\/","og_locale":"es_ES","og_type":"article","og_title":"50 PERSONAJES QUE INSPIRAN - El proyecto 50","og_description":"A lo largo de la historia han existido pensadores, emprendedores, economistas, polit\u00f3logos, escritores; personas que han puesto sus ideas en palabras y nos han invitado a seguir un rumbo en defensa de la libertad individual. Hemos escogido 50 personajes. Con\u00f3celos y conoce sus ideas. Espera m\u00e1s cada semana. Vernon Smith Interview with Vernon L. Smith&hellip;","og_url":"https:\/\/www.ufm.edu\/proyecto50\/50-personajes-bk\/","og_site_name":"El proyecto 50","article_modified_time":"2022-01-18T14:53:30+00:00","twitter_card":"summary_large_image","twitter_misc":{"Tiempo de lectura":"8 minutos"},"schema":{"@context":"https:\/\/schema.org","@graph":[{"@type":"WebSite","@id":"https:\/\/www.ufm.edu\/proyecto50\/#website","url":"https:\/\/www.ufm.edu\/proyecto50\/","name":"El proyecto 50","description":"Universidad Francisco Marroqu\u00edn","potentialAction":[{"@type":"SearchAction","target":{"@type":"EntryPoint","urlTemplate":"https:\/\/www.ufm.edu\/proyecto50\/?s={search_term_string}"},"query-input":"required name=search_term_string"}],"inLanguage":"es"},{"@type":"WebPage","@id":"https:\/\/www.ufm.edu\/proyecto50\/50-personajes-bk\/#webpage","url":"https:\/\/www.ufm.edu\/proyecto50\/50-personajes-bk\/","name":"50 PERSONAJES QUE INSPIRAN - El proyecto 50","isPartOf":{"@id":"https:\/\/www.ufm.edu\/proyecto50\/#website"},"datePublished":"2021-08-09T14:30:30+00:00","dateModified":"2022-01-18T14:53:30+00:00","breadcrumb":{"@id":"https:\/\/www.ufm.edu\/proyecto50\/50-personajes-bk\/#breadcrumb"},"inLanguage":"es","potentialAction":[{"@type":"ReadAction","target":["https:\/\/www.ufm.edu\/proyecto50\/50-personajes-bk\/"]}]},{"@type":"BreadcrumbList","@id":"https:\/\/www.ufm.edu\/proyecto50\/50-personajes-bk\/#breadcrumb","itemListElement":[{"@type":"ListItem","position":1,"name":"Portada","item":"https:\/\/www.ufm.edu\/proyecto50\/"},{"@type":"ListItem","position":2,"name":"50 PERSONAJES QUE INSPIRAN"}]}]}},"meta_box":[],"_links":{"self":[{"href":"https:\/\/www.ufm.edu\/proyecto50\/wp-json\/wp\/v2\/pages\/44507"}],"collection":[{"href":"https:\/\/www.ufm.edu\/proyecto50\/wp-json\/wp\/v2\/pages"}],"about":[{"href":"https:\/\/www.ufm.edu\/proyecto50\/wp-json\/wp\/v2\/types\/page"}],"author":[{"embeddable":true,"href":"https:\/\/www.ufm.edu\/proyecto50\/wp-json\/wp\/v2\/users\/1"}],"replies":[{"embeddable":true,"href":"https:\/\/www.ufm.edu\/proyecto50\/wp-json\/wp\/v2\/comments?post=44507"}],"version-history":[{"count":32,"href":"https:\/\/www.ufm.edu\/proyecto50\/wp-json\/wp\/v2\/pages\/44507\/revisions"}],"predecessor-version":[{"id":45072,"href":"https:\/\/www.ufm.edu\/proyecto50\/wp-json\/wp\/v2\/pages\/44507\/revisions\/45072"}],"wp:attachment":[{"href":"https:\/\/www.ufm.edu\/proyecto50\/wp-json\/wp\/v2\/media?parent=44507"}],"curies":[{"name":"wp","href":"https:\/\/api.w.org\/{rel}","templated":true}]}}