{"id":45036,"date":"2022-01-18T14:16:14","date_gmt":"2022-01-18T14:16:14","guid":{"rendered":"https:\/\/www.ufm.edu\/proyecto50\/?post_type=personaje&#038;p=45036"},"modified":"2022-01-18T14:38:38","modified_gmt":"2022-01-18T14:38:38","slug":"manuel-f-ayau","status":"publish","type":"personaje","link":"https:\/\/www.ufm.edu\/proyecto50\/personaje\/manuel-f-ayau\/","title":{"rendered":"Manuel F. Ayau"},"content":{"rendered":"\n<p>Manuel F. Ayau, estudioso, educador y emprendedor, fund\u00f3, en 1959, el&nbsp;<a href=\"http:\/\/cees.org.gt\/\">Centro de Estudios Econ\u00f3mico-Sociales<\/a>, centro de pensamiento liberal cl\u00e1sico, en cuyo seno naci\u00f3 la&nbsp;<a href=\"https:\/\/www.ufm.edu\/\">Universidad Francisco Marroqu\u00edn<\/a>, en 1971. Hasta sus \u00faltimos d\u00edas promovi\u00f3 el proyecto de reforma del Estado conocido como&nbsp;<a href=\"http:\/\/www.proreforma.org.gt\/\">ProReforma<\/a>. Presidi\u00f3 organizaciones de la talla de la&nbsp;<a href=\"https:\/\/www.montpelerin.org\/montpelerin\/index.html\">Mont Pelerin Society<\/a>&nbsp;y es autor de libros como&nbsp;<em>Un juego que no suma cero<\/em>,&nbsp;<em>El proceso econ\u00f3mico<\/em>, entre otros. Durante a\u00f1os public\u00f3 una columna semanal en diarios locales, y sus art\u00edculos se han difundido en diarios y revistas como<em>&nbsp;Wall Street Journal&nbsp;<\/em>y<em>&nbsp;The Freeman<\/em>, entre otros.<\/p>\n","protected":false},"featured_media":45065,"menu_order":0,"template":"","yoast_head":"<!-- This site is optimized with the Yoast SEO plugin v16.9 - https:\/\/yoast.com\/wordpress\/plugins\/seo\/ -->\n<title>Manuel F. Ayau - El proyecto 50<\/title>\n<meta name=\"robots\" content=\"index, follow, max-snippet:-1, max-image-preview:large, max-video-preview:-1\" \/>\n<link rel=\"canonical\" href=\"https:\/\/www.ufm.edu\/proyecto50\/personaje\/manuel-f-ayau\/\" \/>\n<meta property=\"og:locale\" content=\"es_ES\" \/>\n<meta property=\"og:type\" content=\"article\" \/>\n<meta property=\"og:title\" content=\"Manuel F. Ayau - El proyecto 50\" \/>\n<meta property=\"og:description\" content=\"Manuel F. Ayau, estudioso, educador y emprendedor, fund\u00f3, en 1959, el&nbsp;Centro de Estudios Econ\u00f3mico-Sociales, centro de pensamiento liberal cl\u00e1sico, en cuyo seno naci\u00f3 la&nbsp;Universidad Francisco Marroqu\u00edn, en 1971. Hasta sus \u00faltimos d\u00edas promovi\u00f3 el proyecto de reforma del Estado conocido como&nbsp;ProReforma. Presidi\u00f3 organizaciones de la talla de la&nbsp;Mont Pelerin Society&nbsp;y es autor de libros como&nbsp;Un&hellip;\" \/>\n<meta property=\"og:url\" content=\"https:\/\/www.ufm.edu\/proyecto50\/personaje\/manuel-f-ayau\/\" \/>\n<meta property=\"og:site_name\" content=\"El proyecto 50\" \/>\n<meta property=\"article:modified_time\" content=\"2022-01-18T14:38:38+00:00\" \/>\n<meta property=\"og:image\" content=\"https:\/\/www.ufm.edu\/proyecto50\/wp-content\/uploads\/2022\/01\/Manuel-300x169.png\" \/>\n\t<meta property=\"og:image:width\" content=\"636\" \/>\n\t<meta property=\"og:image:height\" content=\"359\" \/>\n<meta name=\"twitter:card\" content=\"summary_large_image\" \/>\n<meta name=\"twitter:label1\" content=\"Tiempo de lectura\" \/>\n\t<meta name=\"twitter:data1\" content=\"1 minuto\" \/>\n<script type=\"application\/ld+json\" class=\"yoast-schema-graph\">{\"@context\":\"https:\/\/schema.org\",\"@graph\":[{\"@type\":\"WebSite\",\"@id\":\"https:\/\/www.ufm.edu\/proyecto50\/#website\",\"url\":\"https:\/\/www.ufm.edu\/proyecto50\/\",\"name\":\"El proyecto 50\",\"description\":\"Universidad Francisco Marroqu\\u00edn\",\"potentialAction\":[{\"@type\":\"SearchAction\",\"target\":{\"@type\":\"EntryPoint\",\"urlTemplate\":\"https:\/\/www.ufm.edu\/proyecto50\/?s={search_term_string}\"},\"query-input\":\"required name=search_term_string\"}],\"inLanguage\":\"es\"},{\"@type\":\"ImageObject\",\"@id\":\"https:\/\/www.ufm.edu\/proyecto50\/personaje\/manuel-f-ayau\/#primaryimage\",\"inLanguage\":\"es\",\"url\":\"https:\/\/www.ufm.edu\/proyecto50\/wp-content\/uploads\/2022\/01\/Manuel.png\",\"contentUrl\":\"https:\/\/www.ufm.edu\/proyecto50\/wp-content\/uploads\/2022\/01\/Manuel.png\",\"width\":636,\"height\":359},{\"@type\":\"WebPage\",\"@id\":\"https:\/\/www.ufm.edu\/proyecto50\/personaje\/manuel-f-ayau\/#webpage\",\"url\":\"https:\/\/www.ufm.edu\/proyecto50\/personaje\/manuel-f-ayau\/\",\"name\":\"Manuel F. Ayau - El proyecto 50\",\"isPartOf\":{\"@id\":\"https:\/\/www.ufm.edu\/proyecto50\/#website\"},\"primaryImageOfPage\":{\"@id\":\"https:\/\/www.ufm.edu\/proyecto50\/personaje\/manuel-f-ayau\/#primaryimage\"},\"datePublished\":\"2022-01-18T14:16:14+00:00\",\"dateModified\":\"2022-01-18T14:38:38+00:00\",\"breadcrumb\":{\"@id\":\"https:\/\/www.ufm.edu\/proyecto50\/personaje\/manuel-f-ayau\/#breadcrumb\"},\"inLanguage\":\"es\",\"potentialAction\":[{\"@type\":\"ReadAction\",\"target\":[\"https:\/\/www.ufm.edu\/proyecto50\/personaje\/manuel-f-ayau\/\"]}]},{\"@type\":\"BreadcrumbList\",\"@id\":\"https:\/\/www.ufm.edu\/proyecto50\/personaje\/manuel-f-ayau\/#breadcrumb\",\"itemListElement\":[{\"@type\":\"ListItem\",\"position\":1,\"name\":\"Portada\",\"item\":\"https:\/\/www.ufm.edu\/proyecto50\/\"},{\"@type\":\"ListItem\",\"position\":2,\"name\":\"Personajes\",\"item\":\"https:\/\/www.ufm.edu\/proyecto50\/personaje\/\"},{\"@type\":\"ListItem\",\"position\":3,\"name\":\"Manuel F. Ayau\"}]}]}<\/script>\n<!-- \/ Yoast SEO plugin. -->","yoast_head_json":{"title":"Manuel F. Ayau - El proyecto 50","robots":{"index":"index","follow":"follow","max-snippet":"max-snippet:-1","max-image-preview":"max-image-preview:large","max-video-preview":"max-video-preview:-1"},"canonical":"https:\/\/www.ufm.edu\/proyecto50\/personaje\/manuel-f-ayau\/","og_locale":"es_ES","og_type":"article","og_title":"Manuel F. Ayau - El proyecto 50","og_description":"Manuel F. Ayau, estudioso, educador y emprendedor, fund\u00f3, en 1959, el&nbsp;Centro de Estudios Econ\u00f3mico-Sociales, centro de pensamiento liberal cl\u00e1sico, en cuyo seno naci\u00f3 la&nbsp;Universidad Francisco Marroqu\u00edn, en 1971. Hasta sus \u00faltimos d\u00edas promovi\u00f3 el proyecto de reforma del Estado conocido como&nbsp;ProReforma. Presidi\u00f3 organizaciones de la talla de la&nbsp;Mont Pelerin Society&nbsp;y es autor de libros como&nbsp;Un&hellip;","og_url":"https:\/\/www.ufm.edu\/proyecto50\/personaje\/manuel-f-ayau\/","og_site_name":"El proyecto 50","article_modified_time":"2022-01-18T14:38:38+00:00","og_image":[{"width":636,"height":359,"url":"https:\/\/www.ufm.edu\/proyecto50\/wp-content\/uploads\/2022\/01\/Manuel-300x169.png","path":"\/data\/www\/html\/www.ufm.edu\/proyecto50\/wp-content\/uploads\/2022\/01\/Manuel.png","size":"full","id":45065,"alt":"","pixels":228324,"type":"image\/png"}],"twitter_card":"summary_large_image","twitter_misc":{"Tiempo de lectura":"1 minuto"},"schema":{"@context":"https:\/\/schema.org","@graph":[{"@type":"WebSite","@id":"https:\/\/www.ufm.edu\/proyecto50\/#website","url":"https:\/\/www.ufm.edu\/proyecto50\/","name":"El proyecto 50","description":"Universidad Francisco Marroqu\u00edn","potentialAction":[{"@type":"SearchAction","target":{"@type":"EntryPoint","urlTemplate":"https:\/\/www.ufm.edu\/proyecto50\/?s={search_term_string}"},"query-input":"required name=search_term_string"}],"inLanguage":"es"},{"@type":"ImageObject","@id":"https:\/\/www.ufm.edu\/proyecto50\/personaje\/manuel-f-ayau\/#primaryimage","inLanguage":"es","url":"https:\/\/www.ufm.edu\/proyecto50\/wp-content\/uploads\/2022\/01\/Manuel.png","contentUrl":"https:\/\/www.ufm.edu\/proyecto50\/wp-content\/uploads\/2022\/01\/Manuel.png","width":636,"height":359},{"@type":"WebPage","@id":"https:\/\/www.ufm.edu\/proyecto50\/personaje\/manuel-f-ayau\/#webpage","url":"https:\/\/www.ufm.edu\/proyecto50\/personaje\/manuel-f-ayau\/","name":"Manuel F. Ayau - El proyecto 50","isPartOf":{"@id":"https:\/\/www.ufm.edu\/proyecto50\/#website"},"primaryImageOfPage":{"@id":"https:\/\/www.ufm.edu\/proyecto50\/personaje\/manuel-f-ayau\/#primaryimage"},"datePublished":"2022-01-18T14:16:14+00:00","dateModified":"2022-01-18T14:38:38+00:00","breadcrumb":{"@id":"https:\/\/www.ufm.edu\/proyecto50\/personaje\/manuel-f-ayau\/#breadcrumb"},"inLanguage":"es","potentialAction":[{"@type":"ReadAction","target":["https:\/\/www.ufm.edu\/proyecto50\/personaje\/manuel-f-ayau\/"]}]},{"@type":"BreadcrumbList","@id":"https:\/\/www.ufm.edu\/proyecto50\/personaje\/manuel-f-ayau\/#breadcrumb","itemListElement":[{"@type":"ListItem","position":1,"name":"Portada","item":"https:\/\/www.ufm.edu\/proyecto50\/"},{"@type":"ListItem","position":2,"name":"Personajes","item":"https:\/\/www.ufm.edu\/proyecto50\/personaje\/"},{"@type":"ListItem","position":3,"name":"Manuel F. Ayau"}]}]}},"meta_box":{"entrevista_titulo":"\u00bfPor qu\u00e9 la Universidad Francisco Marroqu\u00edn?","entrevista_embed":"<div class=\"embed-responsive embed-responsive-16by9\">\r\n <iframe  src=\"https:\/\/newmedia.ufm.edu\/embed?pe=eyJlbWJlZElEIjoxNzc0N30=\" frameborder=\"0\" width=\"600\" height=\"420\" allowfullscreen><\/iframe>\r\n<\/div>"},"_links":{"self":[{"href":"https:\/\/www.ufm.edu\/proyecto50\/wp-json\/wp\/v2\/personaje\/45036"}],"collection":[{"href":"https:\/\/www.ufm.edu\/proyecto50\/wp-json\/wp\/v2\/personaje"}],"about":[{"href":"https:\/\/www.ufm.edu\/proyecto50\/wp-json\/wp\/v2\/types\/personaje"}],"wp:featuredmedia":[{"embeddable":true,"href":"https:\/\/www.ufm.edu\/proyecto50\/wp-json\/wp\/v2\/media\/45065"}],"wp:attachment":[{"href":"https:\/\/www.ufm.edu\/proyecto50\/wp-json\/wp\/v2\/media?parent=45036"}],"curies":[{"name":"wp","href":"https:\/\/api.w.org\/{rel}","templated":true}]}}

<p>Manuel F. Ayau, estudioso, educador y emprendedor, fundó, en 1959, el&nbsp;<a href="http://cees.org.gt/">Centro de Estudios Económico-Sociales</a>, centro de pensamiento liberal clásico, en cuyo seno nació la&nbsp;<a href="https://www.ufm.edu/">Universidad Francisco Marroquín</a>, en 1971. Hasta sus últimos días promovió el proyecto de reforma del Estado conocido como&nbsp;<a href="http://www.proreforma.org.gt/">ProReforma</a>. Presidió organizaciones de la talla de la&nbsp;<a href="https://www.montpelerin.org/montpelerin/index.html">Mont Pelerin Society</a>&nbsp;y es autor de libros como&nbsp;<em>Un juego que no suma cero</em>,&nbsp;<em>El proceso económico</em>, entre otros. Durante años publicó una columna semanal en diarios locales, y sus artículos se han difundido en diarios y revistas como<em>&nbsp;Wall Street Journal&nbsp;</em>y<em>&nbsp;The Freeman</em>, entre otros.</p>

<!-- This site is optimized with the Yoast SEO plugin v16.9 - https://yoast.com/wordpress/plugins/seo/ -->
<title>Manuel F. Ayau - El proyecto 50</title>
<meta name="robots" content="index, follow, max-snippet:-1, max-image-preview:large, max-video-preview:-1" />
<link rel="canonical" href="https://www.ufm.edu/proyecto50/personaje/manuel-f-ayau/" />
<meta property="og:locale" content="es_ES" />
<meta property="og:type" content="article" />
<meta property="og:title" content="Manuel F. Ayau - El proyecto 50" />
<meta property="og:description" content="Manuel F. Ayau, estudioso, educador y emprendedor, fundó, en 1959, el&nbsp;Centro de Estudios Económico-Sociales, centro de pensamiento liberal clásico, en cuyo seno nació la&nbsp;Universidad Francisco Marroquín, en 1971. Hasta sus últimos días promovió el proyecto de reforma del Estado conocido como&nbsp;ProReforma. Presidió organizaciones de la talla de la&nbsp;Mont Pelerin Society&nbsp;y es autor de libros como&nbsp;Un&hellip;" />
<meta property="og:url" content="https://www.ufm.edu/proyecto50/personaje/manuel-f-ayau/" />
<meta property="og:site_name" content="El proyecto 50" />
<meta property="article:modified_time" content="2022-01-18T14:38:38+00:00" />
<meta property="og:image" content="https://www.ufm.edu/proyecto50/wp-content/uploads/2022/01/Manuel-300x169.png" />
	<meta property="og:image:width" content="636" />
	<meta property="og:image:height" content="359" />
<meta name="twitter:card" content="summary_large_image" />
<meta name="twitter:label1" content="Tiempo de lectura" />
	<meta name="twitter:data1" content="1 minuto" />
<script type="application/ld+json" class="yoast-schema-graph">{"@context":"https://schema.org","@graph":[{"@type":"WebSite","@id":"https://www.ufm.edu/proyecto50/#website","url":"https://www.ufm.edu/proyecto50/","name":"El proyecto 50","description":"Universidad Francisco Marroqu\u00edn","potentialAction":[{"@type":"SearchAction","target":{"@type":"EntryPoint","urlTemplate":"https://www.ufm.edu/proyecto50/?s={search_term_string}"},"query-input":"required name=search_term_string"}],"inLanguage":"es"},{"@type":"ImageObject","@id":"https://www.ufm.edu/proyecto50/personaje/manuel-f-ayau/#primaryimage","inLanguage":"es","url":"https://www.ufm.edu/proyecto50/wp-content/uploads/2022/01/Manuel.png","contentUrl":"https://www.ufm.edu/proyecto50/wp-content/uploads/2022/01/Manuel.png","width":636,"height":359},{"@type":"WebPage","@id":"https://www.ufm.edu/proyecto50/personaje/manuel-f-ayau/#webpage","url":"https://www.ufm.edu/proyecto50/personaje/manuel-f-ayau/","name":"Manuel F. Ayau - El proyecto 50","isPartOf":{"@id":"https://www.ufm.edu/proyecto50/#website"},"primaryImageOfPage":{"@id":"https://www.ufm.edu/proyecto50/personaje/manuel-f-ayau/#primaryimage"},"datePublished":"2022-01-18T14:16:14+00:00","dateModified":"2022-01-18T14:38:38+00:00","breadcrumb":{"@id":"https://www.ufm.edu/proyecto50/personaje/manuel-f-ayau/#breadcrumb"},"inLanguage":"es","potentialAction":[{"@type":"ReadAction","target":["https://www.ufm.edu/proyecto50/personaje/manuel-f-ayau/"]}]},{"@type":"BreadcrumbList","@id":"https://www.ufm.edu/proyecto50/personaje/manuel-f-ayau/#breadcrumb","itemListElement":[{"@type":"ListItem","position":1,"name":"Portada","item":"https://www.ufm.edu/proyecto50/"},{"@type":"ListItem","position":2,"name":"Personajes","item":"https://www.ufm.edu/proyecto50/personaje/"},{"@type":"ListItem","position":3,"name":"Manuel F. Ayau"}]}]}</script>
<!-- / Yoast SEO plugin. -->

Manuel F. Ayau, estudioso, educador y emprendedor, fundó, en 1959, el&nbsp;Centro de Estudios Económico-Sociales, centro de pensamiento liberal clásico, en cuyo seno nació la&nbsp;Universidad Francisco Marroquín, en 1971. Hasta sus últimos días promovió el proyecto de reforma del Estado conocido como&nbsp;ProReforma. Presidió organizaciones de la talla de la&nbsp;Mont Pelerin Society&nbsp;y es autor de libros como&nbsp;Un&hellip;

Universidad Francisco Marroquín

¿Por qué la Universidad Francisco Marroquín?
